{"id":4863,"date":"2020-06-09T14:26:00","date_gmt":"2020-06-09T14:26:00","guid":{"rendered":"https:\/\/sff-camara.com\/professionals\/israel-cuesta\/"},"modified":"2023-09-14T12:53:00","modified_gmt":"2023-09-14T12:53:00","slug":"israel-cuesta","status":"publish","type":"udesign_member","link":"https:\/\/sff-camara.com\/es\/profesionales\/israel-cuesta\/","title":{"rendered":"Israel Cuesta"},"content":{"rendered":"","protected":false},"excerpt":{"rendered":"<p>En 2013 me ofrecieron de unirme a la Bolsa de Luxemburgo para contribuir en el desarrollo del negocio de Fundsquare, en un principio llevaba la relaci\u00f3n con grandes cuentas pero r\u00e1pidamente la parte comercial fue tomando m\u00e1s peso, actualmente compagino ambas y soy responsable adem\u00e1s de la expansi\u00f3n del negocio en Iberia y Latino Am\u00e9rica.<\/p>\n","protected":false},"featured_media":4829,"comment_status":"closed","ping_status":"closed","template":"","working-areas":[193,194,195,196],"interview":[199],"udesign_member_category":[235],"class_list":["post-4863","udesign_member","type-udesign_member","status-publish","has-post-thumbnail","hentry","working-areas-asset-management-es","working-areas-banking-es","working-areas-insurance-es","working-areas-tax-es","interview-no-es","udesign_member_category-fe-fundinfo-es"],"acf":[],"yoast_head":"<!-- This site is optimized with the Yoast SEO plugin v27.1.1 - https:\/\/yoast.com\/product\/yoast-seo-wordpress\/ -->\n<title>Israel Cuesta | SFF<\/title>\n<meta name=\"description\" content=\"En 2013 me ofrecieron de unirme a la Bolsa de Luxemburgo para contribuir en el desarrollo del negocio de Fundsquare, en un principio llevaba la relaci\u00f3n con grandes cuentas pero r\u00e1pidamente la parte comercial fue tomando m\u00e1s peso, actualmente compagino ambas y soy responsable adem\u00e1s de la expansi\u00f3n del negocio en Iberia y Latino Am\u00e9rica.\" \/>\n<meta name=\"robots\" content=\"index, follow, max-snippet:-1, max-image-preview:large, max-video-preview:-1\" \/>\n<link rel=\"canonical\" href=\"https:\/\/sff-camara.com\/es\/profesionales\/israel-cuesta\/\" \/>\n<meta property=\"og:locale\" content=\"es_ES\" \/>\n<meta property=\"og:type\" content=\"article\" \/>\n<meta property=\"og:title\" content=\"Israel Cuesta | SFF\" \/>\n<meta property=\"og:description\" content=\"En 2013 me ofrecieron de unirme a la Bolsa de Luxemburgo para contribuir en el desarrollo del negocio de Fundsquare, en un principio llevaba la relaci\u00f3n con grandes cuentas pero r\u00e1pidamente la parte comercial fue tomando m\u00e1s peso, actualmente compagino ambas y soy responsable adem\u00e1s de la expansi\u00f3n del negocio en Iberia y Latino Am\u00e9rica.\" \/>\n<meta property=\"og:url\" content=\"https:\/\/sff-camara.com\/es\/profesionales\/israel-cuesta\/\" \/>\n<meta property=\"og:site_name\" content=\"SFF\" \/>\n<meta property=\"article:modified_time\" content=\"2023-09-14T12:53:00+00:00\" \/>\n<meta property=\"og:image\" content=\"https:\/\/sff-camara.com\/wp-content\/uploads\/2023\/01\/IC-Photo-e1673900923103.jpg\" \/>\n\t<meta property=\"og:image:width\" content=\"741\" \/>\n\t<meta property=\"og:image:height\" content=\"1112\" \/>\n\t<meta property=\"og:image:type\" content=\"image\/jpeg\" \/>\n<meta name=\"twitter:card\" content=\"summary_large_image\" \/>\n<script type=\"application\/ld+json\" class=\"yoast-schema-graph\">{\"@context\":\"https:\/\/schema.org\",\"@graph\":[{\"@type\":\"WebPage\",\"@id\":\"https:\/\/sff-camara.com\/es\/profesionales\/israel-cuesta\/\",\"url\":\"https:\/\/sff-camara.com\/es\/profesionales\/israel-cuesta\/\",\"name\":\"Israel Cuesta | SFF\",\"isPartOf\":{\"@id\":\"https:\/\/sff-camara.com\/#website\"},\"primaryImageOfPage\":{\"@id\":\"https:\/\/sff-camara.com\/es\/profesionales\/israel-cuesta\/#primaryimage\"},\"image\":{\"@id\":\"https:\/\/sff-camara.com\/es\/profesionales\/israel-cuesta\/#primaryimage\"},\"thumbnailUrl\":\"https:\/\/sff-camara.com\/wp-content\/uploads\/2023\/01\/IC-Photo-e1673900923103.jpg\",\"datePublished\":\"2020-06-09T14:26:00+00:00\",\"dateModified\":\"2023-09-14T12:53:00+00:00\",\"description\":\"En 2013 me ofrecieron de unirme a la Bolsa de Luxemburgo para contribuir en el desarrollo del negocio de Fundsquare, en un principio llevaba la relaci\u00f3n con grandes cuentas pero r\u00e1pidamente la parte comercial fue tomando m\u00e1s peso, actualmente compagino ambas y soy responsable adem\u00e1s de la expansi\u00f3n del negocio en Iberia y Latino Am\u00e9rica.\",\"breadcrumb\":{\"@id\":\"https:\/\/sff-camara.com\/es\/profesionales\/israel-cuesta\/#breadcrumb\"},\"inLanguage\":\"es\",\"potentialAction\":[{\"@type\":\"ReadAction\",\"target\":[\"https:\/\/sff-camara.com\/es\/profesionales\/israel-cuesta\/\"]}]},{\"@type\":\"ImageObject\",\"inLanguage\":\"es\",\"@id\":\"https:\/\/sff-camara.com\/es\/profesionales\/israel-cuesta\/#primaryimage\",\"url\":\"https:\/\/sff-camara.com\/wp-content\/uploads\/2023\/01\/IC-Photo-e1673900923103.jpg\",\"contentUrl\":\"https:\/\/sff-camara.com\/wp-content\/uploads\/2023\/01\/IC-Photo-e1673900923103.jpg\",\"width\":741,\"height\":1112},{\"@type\":\"BreadcrumbList\",\"@id\":\"https:\/\/sff-camara.com\/es\/profesionales\/israel-cuesta\/#breadcrumb\",\"itemListElement\":[{\"@type\":\"ListItem\",\"position\":1,\"name\":\"Home\",\"item\":\"https:\/\/sff-camara.com\/\"},{\"@type\":\"ListItem\",\"position\":2,\"name\":\"Professionals\",\"item\":\"https:\/\/sff-camara.com\/es\/profesionales\/\"},{\"@type\":\"ListItem\",\"position\":3,\"name\":\"Israel Cuesta\"}]},{\"@type\":\"WebSite\",\"@id\":\"https:\/\/sff-camara.com\/#website\",\"url\":\"https:\/\/sff-camara.com\/\",\"name\":\"SFF\",\"description\":\"Spanish Financial Forum in Luxembourg\",\"publisher\":{\"@id\":\"https:\/\/sff-camara.com\/#organization\"},\"potentialAction\":[{\"@type\":\"SearchAction\",\"target\":{\"@type\":\"EntryPoint\",\"urlTemplate\":\"https:\/\/sff-camara.com\/?s={search_term_string}\"},\"query-input\":{\"@type\":\"PropertyValueSpecification\",\"valueRequired\":true,\"valueName\":\"search_term_string\"}}],\"inLanguage\":\"es\"},{\"@type\":\"Organization\",\"@id\":\"https:\/\/sff-camara.com\/#organization\",\"name\":\"Spanish Financial Forum in Luxembourg\",\"url\":\"https:\/\/sff-camara.com\/\",\"logo\":{\"@type\":\"ImageObject\",\"inLanguage\":\"es\",\"@id\":\"https:\/\/sff-camara.com\/#\/schema\/logo\/image\/\",\"url\":\"https:\/\/sff-camara.com\/wp-content\/uploads\/2023\/02\/cropped-LOGO-1.png\",\"contentUrl\":\"https:\/\/sff-camara.com\/wp-content\/uploads\/2023\/02\/cropped-LOGO-1.png\",\"width\":586,\"height\":222,\"caption\":\"Spanish Financial Forum in Luxembourg\"},\"image\":{\"@id\":\"https:\/\/sff-camara.com\/#\/schema\/logo\/image\/\"},\"sameAs\":[\"https:\/\/www.linkedin.com\/company\/camara-oficial-de-comercio-de-espana-en-belgica-y-luxemburgo\/\"]}]}<\/script>\n<!-- \/ Yoast SEO plugin. -->","yoast_head_json":{"title":"Israel Cuesta | SFF","description":"En 2013 me ofrecieron de unirme a la Bolsa de Luxemburgo para contribuir en el desarrollo del negocio de Fundsquare, en un principio llevaba la relaci\u00f3n con grandes cuentas pero r\u00e1pidamente la parte comercial fue tomando m\u00e1s peso, actualmente compagino ambas y soy responsable adem\u00e1s de la expansi\u00f3n del negocio en Iberia y Latino Am\u00e9rica.","robots":{"index":"index","follow":"follow","max-snippet":"max-snippet:-1","max-image-preview":"max-image-preview:large","max-video-preview":"max-video-preview:-1"},"canonical":"https:\/\/sff-camara.com\/es\/profesionales\/israel-cuesta\/","og_locale":"es_ES","og_type":"article","og_title":"Israel Cuesta | SFF","og_description":"En 2013 me ofrecieron de unirme a la Bolsa de Luxemburgo para contribuir en el desarrollo del negocio de Fundsquare, en un principio llevaba la relaci\u00f3n con grandes cuentas pero r\u00e1pidamente la parte comercial fue tomando m\u00e1s peso, actualmente compagino ambas y soy responsable adem\u00e1s de la expansi\u00f3n del negocio en Iberia y Latino Am\u00e9rica.","og_url":"https:\/\/sff-camara.com\/es\/profesionales\/israel-cuesta\/","og_site_name":"SFF","article_modified_time":"2023-09-14T12:53:00+00:00","og_image":[{"width":741,"height":1112,"url":"https:\/\/sff-camara.com\/wp-content\/uploads\/2023\/01\/IC-Photo-e1673900923103.jpg","type":"image\/jpeg"}],"twitter_card":"summary_large_image","schema":{"@context":"https:\/\/schema.org","@graph":[{"@type":"WebPage","@id":"https:\/\/sff-camara.com\/es\/profesionales\/israel-cuesta\/","url":"https:\/\/sff-camara.com\/es\/profesionales\/israel-cuesta\/","name":"Israel Cuesta | SFF","isPartOf":{"@id":"https:\/\/sff-camara.com\/#website"},"primaryImageOfPage":{"@id":"https:\/\/sff-camara.com\/es\/profesionales\/israel-cuesta\/#primaryimage"},"image":{"@id":"https:\/\/sff-camara.com\/es\/profesionales\/israel-cuesta\/#primaryimage"},"thumbnailUrl":"https:\/\/sff-camara.com\/wp-content\/uploads\/2023\/01\/IC-Photo-e1673900923103.jpg","datePublished":"2020-06-09T14:26:00+00:00","dateModified":"2023-09-14T12:53:00+00:00","description":"En 2013 me ofrecieron de unirme a la Bolsa de Luxemburgo para contribuir en el desarrollo del negocio de Fundsquare, en un principio llevaba la relaci\u00f3n con grandes cuentas pero r\u00e1pidamente la parte comercial fue tomando m\u00e1s peso, actualmente compagino ambas y soy responsable adem\u00e1s de la expansi\u00f3n del negocio en Iberia y Latino Am\u00e9rica.","breadcrumb":{"@id":"https:\/\/sff-camara.com\/es\/profesionales\/israel-cuesta\/#breadcrumb"},"inLanguage":"es","potentialAction":[{"@type":"ReadAction","target":["https:\/\/sff-camara.com\/es\/profesionales\/israel-cuesta\/"]}]},{"@type":"ImageObject","inLanguage":"es","@id":"https:\/\/sff-camara.com\/es\/profesionales\/israel-cuesta\/#primaryimage","url":"https:\/\/sff-camara.com\/wp-content\/uploads\/2023\/01\/IC-Photo-e1673900923103.jpg","contentUrl":"https:\/\/sff-camara.com\/wp-content\/uploads\/2023\/01\/IC-Photo-e1673900923103.jpg","width":741,"height":1112},{"@type":"BreadcrumbList","@id":"https:\/\/sff-camara.com\/es\/profesionales\/israel-cuesta\/#breadcrumb","itemListElement":[{"@type":"ListItem","position":1,"name":"Home","item":"https:\/\/sff-camara.com\/"},{"@type":"ListItem","position":2,"name":"Professionals","item":"https:\/\/sff-camara.com\/es\/profesionales\/"},{"@type":"ListItem","position":3,"name":"Israel Cuesta"}]},{"@type":"WebSite","@id":"https:\/\/sff-camara.com\/#website","url":"https:\/\/sff-camara.com\/","name":"SFF","description":"Spanish Financial Forum in Luxembourg","publisher":{"@id":"https:\/\/sff-camara.com\/#organization"},"potentialAction":[{"@type":"SearchAction","target":{"@type":"EntryPoint","urlTemplate":"https:\/\/sff-camara.com\/?s={search_term_string}"},"query-input":{"@type":"PropertyValueSpecification","valueRequired":true,"valueName":"search_term_string"}}],"inLanguage":"es"},{"@type":"Organization","@id":"https:\/\/sff-camara.com\/#organization","name":"Spanish Financial Forum in Luxembourg","url":"https:\/\/sff-camara.com\/","logo":{"@type":"ImageObject","inLanguage":"es","@id":"https:\/\/sff-camara.com\/#\/schema\/logo\/image\/","url":"https:\/\/sff-camara.com\/wp-content\/uploads\/2023\/02\/cropped-LOGO-1.png","contentUrl":"https:\/\/sff-camara.com\/wp-content\/uploads\/2023\/02\/cropped-LOGO-1.png","width":586,"height":222,"caption":"Spanish Financial Forum in Luxembourg"},"image":{"@id":"https:\/\/sff-camara.com\/#\/schema\/logo\/image\/"},"sameAs":["https:\/\/www.linkedin.com\/company\/camara-oficial-de-comercio-de-espana-en-belgica-y-luxemburgo\/"]}]}},"_links":{"self":[{"href":"https:\/\/sff-camara.com\/es\/wp-json\/wp\/v2\/udesign_member\/4863","targetHints":{"allow":["GET"]}}],"collection":[{"href":"https:\/\/sff-camara.com\/es\/wp-json\/wp\/v2\/udesign_member"}],"about":[{"href":"https:\/\/sff-camara.com\/es\/wp-json\/wp\/v2\/types\/udesign_member"}],"replies":[{"embeddable":true,"href":"https:\/\/sff-camara.com\/es\/wp-json\/wp\/v2\/comments?post=4863"}],"version-history":[{"count":5,"href":"https:\/\/sff-camara.com\/es\/wp-json\/wp\/v2\/udesign_member\/4863\/revisions"}],"predecessor-version":[{"id":11009,"href":"https:\/\/sff-camara.com\/es\/wp-json\/wp\/v2\/udesign_member\/4863\/revisions\/11009"}],"wp:featuredmedia":[{"embeddable":true,"href":"https:\/\/sff-camara.com\/es\/wp-json\/wp\/v2\/media\/4829"}],"wp:attachment":[{"href":"https:\/\/sff-camara.com\/es\/wp-json\/wp\/v2\/media?parent=4863"}],"wp:term":[{"taxonomy":"working-areas","embeddable":true,"href":"https:\/\/sff-camara.com\/es\/wp-json\/wp\/v2\/working-areas?post=4863"},{"taxonomy":"interview","embeddable":true,"href":"https:\/\/sff-camara.com\/es\/wp-json\/wp\/v2\/interview?post=4863"},{"taxonomy":"udesign_member_category","embeddable":true,"href":"https:\/\/sff-camara.com\/es\/wp-json\/wp\/v2\/udesign_member_category?post=4863"}],"curies":[{"name":"wp","href":"https:\/\/api.w.org\/{rel}","templated":true}]}}

<p>En 2013 me ofrecieron de unirme a la Bolsa de Luxemburgo para contribuir en el desarrollo del negocio de Fundsquare, en un principio llevaba la relación con grandes cuentas pero rápidamente la parte comercial fue tomando más peso, actualmente compagino ambas y soy responsable además de la expansión del negocio en Iberia y Latino América.</p>

<!-- This site is optimized with the Yoast SEO plugin v27.1.1 - https://yoast.com/product/yoast-seo-wordpress/ -->
<title>Israel Cuesta | SFF</title>
<meta name="description" content="En 2013 me ofrecieron de unirme a la Bolsa de Luxemburgo para contribuir en el desarrollo del negocio de Fundsquare, en un principio llevaba la relación con grandes cuentas pero rápidamente la parte comercial fue tomando más peso, actualmente compagino ambas y soy responsable además de la expansión del negocio en Iberia y Latino América." />
<meta name="robots" content="index, follow, max-snippet:-1, max-image-preview:large, max-video-preview:-1" />
<link rel="canonical" href="https://sff-camara.com/es/profesionales/israel-cuesta/" />
<meta property="og:locale" content="es_ES" />
<meta property="og:type" content="article" />
<meta property="og:title" content="Israel Cuesta | SFF" />
<meta property="og:description" content="En 2013 me ofrecieron de unirme a la Bolsa de Luxemburgo para contribuir en el desarrollo del negocio de Fundsquare, en un principio llevaba la relación con grandes cuentas pero rápidamente la parte comercial fue tomando más peso, actualmente compagino ambas y soy responsable además de la expansión del negocio en Iberia y Latino América." />
<meta property="og:url" content="https://sff-camara.com/es/profesionales/israel-cuesta/" />
<meta property="og:site_name" content="SFF" />
<meta property="article:modified_time" content="2023-09-14T12:53:00+00:00" />
<meta property="og:image" content="https://sff-camara.com/wp-content/uploads/2023/01/IC-Photo-e1673900923103.jpg" />
	<meta property="og:image:width" content="741" />
	<meta property="og:image:height" content="1112" />
	<meta property="og:image:type" content="image/jpeg" />
<meta name="twitter:card" content="summary_large_image" />
<script type="application/ld+json" class="yoast-schema-graph">{"@context":"https://schema.org","@graph":[{"@type":"WebPage","@id":"https://sff-camara.com/es/profesionales/israel-cuesta/","url":"https://sff-camara.com/es/profesionales/israel-cuesta/","name":"Israel Cuesta | SFF","isPartOf":{"@id":"https://sff-camara.com/#website"},"primaryImageOfPage":{"@id":"https://sff-camara.com/es/profesionales/israel-cuesta/#primaryimage"},"image":{"@id":"https://sff-camara.com/es/profesionales/israel-cuesta/#primaryimage"},"thumbnailUrl":"https://sff-camara.com/wp-content/uploads/2023/01/IC-Photo-e1673900923103.jpg","datePublished":"2020-06-09T14:26:00+00:00","dateModified":"2023-09-14T12:53:00+00:00","description":"En 2013 me ofrecieron de unirme a la Bolsa de Luxemburgo para contribuir en el desarrollo del negocio de Fundsquare, en un principio llevaba la relación con grandes cuentas pero rápidamente la parte comercial fue tomando más peso, actualmente compagino ambas y soy responsable además de la expansión del negocio en Iberia y Latino América.","breadcrumb":{"@id":"https://sff-camara.com/es/profesionales/israel-cuesta/#breadcrumb"},"inLanguage":"es","potentialAction":[{"@type":"ReadAction","target":["https://sff-camara.com/es/profesionales/israel-cuesta/"]}]},{"@type":"ImageObject","inLanguage":"es","@id":"https://sff-camara.com/es/profesionales/israel-cuesta/#primaryimage","url":"https://sff-camara.com/wp-content/uploads/2023/01/IC-Photo-e1673900923103.jpg","contentUrl":"https://sff-camara.com/wp-content/uploads/2023/01/IC-Photo-e1673900923103.jpg","width":741,"height":1112},{"@type":"BreadcrumbList","@id":"https://sff-camara.com/es/profesionales/israel-cuesta/#breadcrumb","itemListElement":[{"@type":"ListItem","position":1,"name":"Home","item":"https://sff-camara.com/"},{"@type":"ListItem","position":2,"name":"Professionals","item":"https://sff-camara.com/es/profesionales/"},{"@type":"ListItem","position":3,"name":"Israel Cuesta"}]},{"@type":"WebSite","@id":"https://sff-camara.com/#website","url":"https://sff-camara.com/","name":"SFF","description":"Spanish Financial Forum in Luxembourg","publisher":{"@id":"https://sff-camara.com/#organization"},"potentialAction":[{"@type":"SearchAction","target":{"@type":"EntryPoint","urlTemplate":"https://sff-camara.com/?s={search_term_string}"},"query-input":{"@type":"PropertyValueSpecification","valueRequired":true,"valueName":"search_term_string"}}],"inLanguage":"es"},{"@type":"Organization","@id":"https://sff-camara.com/#organization","name":"Spanish Financial Forum in Luxembourg","url":"https://sff-camara.com/","logo":{"@type":"ImageObject","inLanguage":"es","@id":"https://sff-camara.com/#/schema/logo/image/","url":"https://sff-camara.com/wp-content/uploads/2023/02/cropped-LOGO-1.png","contentUrl":"https://sff-camara.com/wp-content/uploads/2023/02/cropped-LOGO-1.png","width":586,"height":222,"caption":"Spanish Financial Forum in Luxembourg"},"image":{"@id":"https://sff-camara.com/#/schema/logo/image/"},"sameAs":["https://www.linkedin.com/company/camara-oficial-de-comercio-de-espana-en-belgica-y-luxemburgo/"]}]}</script>
<!-- / Yoast SEO plugin. -->

En 2013 me ofrecieron de unirme a la Bolsa de Luxemburgo para contribuir en el desarrollo del negocio de Fundsquare, en un principio llevaba la relación con grandes cuentas pero rápidamente la parte comercial fue tomando más peso, actualmente compagino ambas y soy responsable además de la expansión del negocio en Iberia y Latino América.
