{"id":18362,"date":"2025-12-07T19:37:57","date_gmt":"2025-12-07T19:37:57","guid":{"rendered":"https:\/\/sff-camara.com\/professionals\/begona-berenguer-callau\/"},"modified":"2025-12-10T08:22:33","modified_gmt":"2025-12-10T08:22:33","slug":"begona-berenguer-callau","status":"publish","type":"udesign_member","link":"https:\/\/sff-camara.com\/es\/profesionales\/begona-berenguer-callau\/","title":{"rendered":"Bego\u00f1a Berenguer Callau"},"content":{"rendered":"\n<p>Bego\u00f1a Inici\u00f3 su trayectoria profesional en una reconocida entidad financiera internacional a trav\u00e9s de un programa para j\u00f3venes ejecutivos, asumiendo responsabilidades en banca de empresas, banca privada y liderazgo de equipos. Posteriormente, particip\u00f3 en la creaci\u00f3n de una entidad bancaria en Luxemburgo.  <\/p>\n\n<p><\/p>\n\n<p>En los \u00faltimos a\u00f1os, se ha especializado en la gesti\u00f3n de clientes de alto patrimonio, acompa\u00f1\u00e1ndolos con un enfoque personalizado, integral y estrat\u00e9gico. Cree firmemente en el aprendizaje continuo y en la construcci\u00f3n de relaciones duraderas basadas en la confianza, el rigor y la cercan\u00eda. <\/p>\n\n<p><\/p>\n\n<p>Un mensaje inspirador que desea compartir es:: \u00ab<em><strong><kbd>Cada nuevo desaf\u00edo es una oportunidad de crecimiento, y el trabajo en equipo es el pilar que convierte los proyectos en verdaderos \u00e9xitos.\"<\/kbd><\/strong><\/em><\/p>\n","protected":false},"excerpt":{"rendered":"<p>Bego\u00f1a Inici\u00f3 su trayectoria profesional en una reconocida entidad financiera internacional a trav\u00e9s de un programa para j\u00f3venes ejecutivos, asumiendo responsabilidades en banca de empresas, banca privada y liderazgo de [&hellip;]<\/p>\n","protected":false},"featured_media":18560,"comment_status":"closed","ping_status":"closed","template":"","working-areas":[194,330],"interview":[199],"udesign_member_category":[147],"class_list":["post-18362","udesign_member","type-udesign_member","status-publish","has-post-thumbnail","hentry","working-areas-banking-es","working-areas-gestion-patrimonial","interview-no-es","udesign_member_category-ca-indosuez-wealth-europe-es"],"acf":[],"yoast_head":"<!-- This site is optimized with the Yoast SEO plugin v27.1.1 - https:\/\/yoast.com\/product\/yoast-seo-wordpress\/ -->\n<title>Bego\u00f1a Berenguer Callau | SFF<\/title>\n<meta name=\"robots\" content=\"index, follow, max-snippet:-1, max-image-preview:large, max-video-preview:-1\" \/>\n<link rel=\"canonical\" href=\"https:\/\/sff-camara.com\/es\/profesionales\/begona-berenguer-callau\/\" \/>\n<meta property=\"og:locale\" content=\"es_ES\" \/>\n<meta property=\"og:type\" content=\"article\" \/>\n<meta property=\"og:title\" content=\"Bego\u00f1a Berenguer Callau | SFF\" \/>\n<meta property=\"og:description\" content=\"Bego\u00f1a Inici\u00f3 su trayectoria profesional en una reconocida entidad financiera internacional a trav\u00e9s de un programa para j\u00f3venes ejecutivos, asumiendo responsabilidades en banca de empresas, banca privada y liderazgo de [&hellip;]\" \/>\n<meta property=\"og:url\" content=\"https:\/\/sff-camara.com\/es\/profesionales\/begona-berenguer-callau\/\" \/>\n<meta property=\"og:site_name\" content=\"SFF\" \/>\n<meta property=\"article:modified_time\" content=\"2025-12-10T08:22:33+00:00\" \/>\n<meta property=\"og:image\" content=\"https:\/\/sff-camara.com\/wp-content\/uploads\/2025\/12\/Begona-Berenguer-1.png\" \/>\n\t<meta property=\"og:image:width\" content=\"700\" \/>\n\t<meta property=\"og:image:height\" content=\"935\" \/>\n\t<meta property=\"og:image:type\" content=\"image\/png\" \/>\n<meta name=\"twitter:card\" content=\"summary_large_image\" \/>\n<meta name=\"twitter:label1\" content=\"Tiempo de lectura\" \/>\n\t<meta name=\"twitter:data1\" content=\"1 minuto\" \/>\n<script type=\"application\/ld+json\" class=\"yoast-schema-graph\">{\"@context\":\"https:\/\/schema.org\",\"@graph\":[{\"@type\":\"WebPage\",\"@id\":\"https:\/\/sff-camara.com\/es\/profesionales\/begona-berenguer-callau\/\",\"url\":\"https:\/\/sff-camara.com\/es\/profesionales\/begona-berenguer-callau\/\",\"name\":\"Bego\u00f1a Berenguer Callau | SFF\",\"isPartOf\":{\"@id\":\"https:\/\/sff-camara.com\/#website\"},\"primaryImageOfPage\":{\"@id\":\"https:\/\/sff-camara.com\/es\/profesionales\/begona-berenguer-callau\/#primaryimage\"},\"image\":{\"@id\":\"https:\/\/sff-camara.com\/es\/profesionales\/begona-berenguer-callau\/#primaryimage\"},\"thumbnailUrl\":\"https:\/\/sff-camara.com\/wp-content\/uploads\/2025\/12\/Begona-Berenguer-1.png\",\"datePublished\":\"2025-12-07T19:37:57+00:00\",\"dateModified\":\"2025-12-10T08:22:33+00:00\",\"breadcrumb\":{\"@id\":\"https:\/\/sff-camara.com\/es\/profesionales\/begona-berenguer-callau\/#breadcrumb\"},\"inLanguage\":\"es\",\"potentialAction\":[{\"@type\":\"ReadAction\",\"target\":[\"https:\/\/sff-camara.com\/es\/profesionales\/begona-berenguer-callau\/\"]}]},{\"@type\":\"ImageObject\",\"inLanguage\":\"es\",\"@id\":\"https:\/\/sff-camara.com\/es\/profesionales\/begona-berenguer-callau\/#primaryimage\",\"url\":\"https:\/\/sff-camara.com\/wp-content\/uploads\/2025\/12\/Begona-Berenguer-1.png\",\"contentUrl\":\"https:\/\/sff-camara.com\/wp-content\/uploads\/2025\/12\/Begona-Berenguer-1.png\",\"width\":700,\"height\":935},{\"@type\":\"BreadcrumbList\",\"@id\":\"https:\/\/sff-camara.com\/es\/profesionales\/begona-berenguer-callau\/#breadcrumb\",\"itemListElement\":[{\"@type\":\"ListItem\",\"position\":1,\"name\":\"Home\",\"item\":\"https:\/\/sff-camara.com\/\"},{\"@type\":\"ListItem\",\"position\":2,\"name\":\"Professionals\",\"item\":\"https:\/\/sff-camara.com\/es\/profesionales\/\"},{\"@type\":\"ListItem\",\"position\":3,\"name\":\"Bego\u00f1a Berenguer Callau\"}]},{\"@type\":\"WebSite\",\"@id\":\"https:\/\/sff-camara.com\/#website\",\"url\":\"https:\/\/sff-camara.com\/\",\"name\":\"SFF\",\"description\":\"Spanish Financial Forum in Luxembourg\",\"publisher\":{\"@id\":\"https:\/\/sff-camara.com\/#organization\"},\"potentialAction\":[{\"@type\":\"SearchAction\",\"target\":{\"@type\":\"EntryPoint\",\"urlTemplate\":\"https:\/\/sff-camara.com\/?s={search_term_string}\"},\"query-input\":{\"@type\":\"PropertyValueSpecification\",\"valueRequired\":true,\"valueName\":\"search_term_string\"}}],\"inLanguage\":\"es\"},{\"@type\":\"Organization\",\"@id\":\"https:\/\/sff-camara.com\/#organization\",\"name\":\"Spanish Financial Forum in Luxembourg\",\"url\":\"https:\/\/sff-camara.com\/\",\"logo\":{\"@type\":\"ImageObject\",\"inLanguage\":\"es\",\"@id\":\"https:\/\/sff-camara.com\/#\/schema\/logo\/image\/\",\"url\":\"https:\/\/sff-camara.com\/wp-content\/uploads\/2023\/02\/cropped-LOGO-1.png\",\"contentUrl\":\"https:\/\/sff-camara.com\/wp-content\/uploads\/2023\/02\/cropped-LOGO-1.png\",\"width\":586,\"height\":222,\"caption\":\"Spanish Financial Forum in Luxembourg\"},\"image\":{\"@id\":\"https:\/\/sff-camara.com\/#\/schema\/logo\/image\/\"},\"sameAs\":[\"https:\/\/www.linkedin.com\/company\/camara-oficial-de-comercio-de-espana-en-belgica-y-luxemburgo\/\"]}]}<\/script>\n<!-- \/ Yoast SEO plugin. -->","yoast_head_json":{"title":"Bego\u00f1a Berenguer Callau | SFF","robots":{"index":"index","follow":"follow","max-snippet":"max-snippet:-1","max-image-preview":"max-image-preview:large","max-video-preview":"max-video-preview:-1"},"canonical":"https:\/\/sff-camara.com\/es\/profesionales\/begona-berenguer-callau\/","og_locale":"es_ES","og_type":"article","og_title":"Bego\u00f1a Berenguer Callau | SFF","og_description":"Bego\u00f1a Inici\u00f3 su trayectoria profesional en una reconocida entidad financiera internacional a trav\u00e9s de un programa para j\u00f3venes ejecutivos, asumiendo responsabilidades en banca de empresas, banca privada y liderazgo de [&hellip;]","og_url":"https:\/\/sff-camara.com\/es\/profesionales\/begona-berenguer-callau\/","og_site_name":"SFF","article_modified_time":"2025-12-10T08:22:33+00:00","og_image":[{"width":700,"height":935,"url":"https:\/\/sff-camara.com\/wp-content\/uploads\/2025\/12\/Begona-Berenguer-1.png","type":"image\/png"}],"twitter_card":"summary_large_image","twitter_misc":{"Tiempo de lectura":"1 minuto"},"schema":{"@context":"https:\/\/schema.org","@graph":[{"@type":"WebPage","@id":"https:\/\/sff-camara.com\/es\/profesionales\/begona-berenguer-callau\/","url":"https:\/\/sff-camara.com\/es\/profesionales\/begona-berenguer-callau\/","name":"Bego\u00f1a Berenguer Callau | SFF","isPartOf":{"@id":"https:\/\/sff-camara.com\/#website"},"primaryImageOfPage":{"@id":"https:\/\/sff-camara.com\/es\/profesionales\/begona-berenguer-callau\/#primaryimage"},"image":{"@id":"https:\/\/sff-camara.com\/es\/profesionales\/begona-berenguer-callau\/#primaryimage"},"thumbnailUrl":"https:\/\/sff-camara.com\/wp-content\/uploads\/2025\/12\/Begona-Berenguer-1.png","datePublished":"2025-12-07T19:37:57+00:00","dateModified":"2025-12-10T08:22:33+00:00","breadcrumb":{"@id":"https:\/\/sff-camara.com\/es\/profesionales\/begona-berenguer-callau\/#breadcrumb"},"inLanguage":"es","potentialAction":[{"@type":"ReadAction","target":["https:\/\/sff-camara.com\/es\/profesionales\/begona-berenguer-callau\/"]}]},{"@type":"ImageObject","inLanguage":"es","@id":"https:\/\/sff-camara.com\/es\/profesionales\/begona-berenguer-callau\/#primaryimage","url":"https:\/\/sff-camara.com\/wp-content\/uploads\/2025\/12\/Begona-Berenguer-1.png","contentUrl":"https:\/\/sff-camara.com\/wp-content\/uploads\/2025\/12\/Begona-Berenguer-1.png","width":700,"height":935},{"@type":"BreadcrumbList","@id":"https:\/\/sff-camara.com\/es\/profesionales\/begona-berenguer-callau\/#breadcrumb","itemListElement":[{"@type":"ListItem","position":1,"name":"Home","item":"https:\/\/sff-camara.com\/"},{"@type":"ListItem","position":2,"name":"Professionals","item":"https:\/\/sff-camara.com\/es\/profesionales\/"},{"@type":"ListItem","position":3,"name":"Bego\u00f1a Berenguer Callau"}]},{"@type":"WebSite","@id":"https:\/\/sff-camara.com\/#website","url":"https:\/\/sff-camara.com\/","name":"SFF","description":"Spanish Financial Forum in Luxembourg","publisher":{"@id":"https:\/\/sff-camara.com\/#organization"},"potentialAction":[{"@type":"SearchAction","target":{"@type":"EntryPoint","urlTemplate":"https:\/\/sff-camara.com\/?s={search_term_string}"},"query-input":{"@type":"PropertyValueSpecification","valueRequired":true,"valueName":"search_term_string"}}],"inLanguage":"es"},{"@type":"Organization","@id":"https:\/\/sff-camara.com\/#organization","name":"Spanish Financial Forum in Luxembourg","url":"https:\/\/sff-camara.com\/","logo":{"@type":"ImageObject","inLanguage":"es","@id":"https:\/\/sff-camara.com\/#\/schema\/logo\/image\/","url":"https:\/\/sff-camara.com\/wp-content\/uploads\/2023\/02\/cropped-LOGO-1.png","contentUrl":"https:\/\/sff-camara.com\/wp-content\/uploads\/2023\/02\/cropped-LOGO-1.png","width":586,"height":222,"caption":"Spanish Financial Forum in Luxembourg"},"image":{"@id":"https:\/\/sff-camara.com\/#\/schema\/logo\/image\/"},"sameAs":["https:\/\/www.linkedin.com\/company\/camara-oficial-de-comercio-de-espana-en-belgica-y-luxemburgo\/"]}]}},"_links":{"self":[{"href":"https:\/\/sff-camara.com\/es\/wp-json\/wp\/v2\/udesign_member\/18362","targetHints":{"allow":["GET"]}}],"collection":[{"href":"https:\/\/sff-camara.com\/es\/wp-json\/wp\/v2\/udesign_member"}],"about":[{"href":"https:\/\/sff-camara.com\/es\/wp-json\/wp\/v2\/types\/udesign_member"}],"replies":[{"embeddable":true,"href":"https:\/\/sff-camara.com\/es\/wp-json\/wp\/v2\/comments?post=18362"}],"version-history":[{"count":1,"href":"https:\/\/sff-camara.com\/es\/wp-json\/wp\/v2\/udesign_member\/18362\/revisions"}],"predecessor-version":[{"id":18363,"href":"https:\/\/sff-camara.com\/es\/wp-json\/wp\/v2\/udesign_member\/18362\/revisions\/18363"}],"wp:featuredmedia":[{"embeddable":true,"href":"https:\/\/sff-camara.com\/es\/wp-json\/wp\/v2\/media\/18560"}],"wp:attachment":[{"href":"https:\/\/sff-camara.com\/es\/wp-json\/wp\/v2\/media?parent=18362"}],"wp:term":[{"taxonomy":"working-areas","embeddable":true,"href":"https:\/\/sff-camara.com\/es\/wp-json\/wp\/v2\/working-areas?post=18362"},{"taxonomy":"interview","embeddable":true,"href":"https:\/\/sff-camara.com\/es\/wp-json\/wp\/v2\/interview?post=18362"},{"taxonomy":"udesign_member_category","embeddable":true,"href":"https:\/\/sff-camara.com\/es\/wp-json\/wp\/v2\/udesign_member_category?post=18362"}],"curies":[{"name":"wp","href":"https:\/\/api.w.org\/{rel}","templated":true}]}}

Begoña Berenguer Callau

<p>Begoña Inició su trayectoria profesional en una reconocida entidad financiera internacional a través de un programa para jóvenes ejecutivos, asumiendo responsabilidades en banca de empresas, banca privada y liderazgo de equipos. Posteriormente, participó en la creación de una entidad bancaria en Luxemburgo.  </p>

<p></p>

<p>En los últimos años, se ha especializado en la gestión de clientes de alto patrimonio, acompañándolos con un enfoque personalizado, integral y estratégico. Cree firmemente en el aprendizaje continuo y en la construcción de relaciones duraderas basadas en la confianza, el rigor y la cercanía. </p>

<p></p>

<p>Un mensaje inspirador que desea compartir es:: «<em><strong><kbd>Cada nuevo desafío es una oportunidad de crecimiento, y el trabajo en equipo es el pilar que convierte los proyectos en verdaderos éxitos."</kbd></strong></em></p>

<p>Begoña Inició su trayectoria profesional en una reconocida entidad financiera internacional a través de un programa para jóvenes ejecutivos, asumiendo responsabilidades en banca de empresas, banca privada y liderazgo de [&hellip;]</p>

<!-- This site is optimized with the Yoast SEO plugin v27.1.1 - https://yoast.com/product/yoast-seo-wordpress/ -->
<title>Begoña Berenguer Callau | SFF</title>
<meta name="robots" content="index, follow, max-snippet:-1, max-image-preview:large, max-video-preview:-1" />
<link rel="canonical" href="https://sff-camara.com/es/profesionales/begona-berenguer-callau/" />
<meta property="og:locale" content="es_ES" />
<meta property="og:type" content="article" />
<meta property="og:title" content="Begoña Berenguer Callau | SFF" />
<meta property="og:description" content="Begoña Inició su trayectoria profesional en una reconocida entidad financiera internacional a través de un programa para jóvenes ejecutivos, asumiendo responsabilidades en banca de empresas, banca privada y liderazgo de [&hellip;]" />
<meta property="og:url" content="https://sff-camara.com/es/profesionales/begona-berenguer-callau/" />
<meta property="og:site_name" content="SFF" />
<meta property="article:modified_time" content="2025-12-10T08:22:33+00:00" />
<meta property="og:image" content="https://sff-camara.com/wp-content/uploads/2025/12/Begona-Berenguer-1.png" />
	<meta property="og:image:width" content="700" />
	<meta property="og:image:height" content="935" />
	<meta property="og:image:type" content="image/png" />
<meta name="twitter:card" content="summary_large_image" />
<meta name="twitter:label1" content="Tiempo de lectura" />
	<meta name="twitter:data1" content="1 minuto" />
<script type="application/ld+json" class="yoast-schema-graph">{"@context":"https://schema.org","@graph":[{"@type":"WebPage","@id":"https://sff-camara.com/es/profesionales/begona-berenguer-callau/","url":"https://sff-camara.com/es/profesionales/begona-berenguer-callau/","name":"Begoña Berenguer Callau | SFF","isPartOf":{"@id":"https://sff-camara.com/#website"},"primaryImageOfPage":{"@id":"https://sff-camara.com/es/profesionales/begona-berenguer-callau/#primaryimage"},"image":{"@id":"https://sff-camara.com/es/profesionales/begona-berenguer-callau/#primaryimage"},"thumbnailUrl":"https://sff-camara.com/wp-content/uploads/2025/12/Begona-Berenguer-1.png","datePublished":"2025-12-07T19:37:57+00:00","dateModified":"2025-12-10T08:22:33+00:00","breadcrumb":{"@id":"https://sff-camara.com/es/profesionales/begona-berenguer-callau/#breadcrumb"},"inLanguage":"es","potentialAction":[{"@type":"ReadAction","target":["https://sff-camara.com/es/profesionales/begona-berenguer-callau/"]}]},{"@type":"ImageObject","inLanguage":"es","@id":"https://sff-camara.com/es/profesionales/begona-berenguer-callau/#primaryimage","url":"https://sff-camara.com/wp-content/uploads/2025/12/Begona-Berenguer-1.png","contentUrl":"https://sff-camara.com/wp-content/uploads/2025/12/Begona-Berenguer-1.png","width":700,"height":935},{"@type":"BreadcrumbList","@id":"https://sff-camara.com/es/profesionales/begona-berenguer-callau/#breadcrumb","itemListElement":[{"@type":"ListItem","position":1,"name":"Home","item":"https://sff-camara.com/"},{"@type":"ListItem","position":2,"name":"Professionals","item":"https://sff-camara.com/es/profesionales/"},{"@type":"ListItem","position":3,"name":"Begoña Berenguer Callau"}]},{"@type":"WebSite","@id":"https://sff-camara.com/#website","url":"https://sff-camara.com/","name":"SFF","description":"Spanish Financial Forum in Luxembourg","publisher":{"@id":"https://sff-camara.com/#organization"},"potentialAction":[{"@type":"SearchAction","target":{"@type":"EntryPoint","urlTemplate":"https://sff-camara.com/?s={search_term_string}"},"query-input":{"@type":"PropertyValueSpecification","valueRequired":true,"valueName":"search_term_string"}}],"inLanguage":"es"},{"@type":"Organization","@id":"https://sff-camara.com/#organization","name":"Spanish Financial Forum in Luxembourg","url":"https://sff-camara.com/","logo":{"@type":"ImageObject","inLanguage":"es","@id":"https://sff-camara.com/#/schema/logo/image/","url":"https://sff-camara.com/wp-content/uploads/2023/02/cropped-LOGO-1.png","contentUrl":"https://sff-camara.com/wp-content/uploads/2023/02/cropped-LOGO-1.png","width":586,"height":222,"caption":"Spanish Financial Forum in Luxembourg"},"image":{"@id":"https://sff-camara.com/#/schema/logo/image/"},"sameAs":["https://www.linkedin.com/company/camara-oficial-de-comercio-de-espana-en-belgica-y-luxemburgo/"]}]}</script>
<!-- / Yoast SEO plugin. -->

Begoña Berenguer Callau | SFF

Begoña Inició su trayectoria profesional en una reconocida entidad financiera internacional a través de un programa para jóvenes ejecutivos, asumiendo responsabilidades en banca de empresas, banca privada y liderazgo de [&hellip;]
