{"id":12601,"date":"2024-01-19T13:33:22","date_gmt":"2024-01-19T13:33:22","guid":{"rendered":"https:\/\/sff-camara.com\/professionals\/severino-pons\/"},"modified":"2024-01-22T16:18:37","modified_gmt":"2024-01-22T16:18:37","slug":"severino-pons","status":"publish","type":"udesign_member","link":"https:\/\/sff-camara.com\/es\/profesionales\/severino-pons\/","title":{"rendered":"Severino Pons"},"content":{"rendered":"\n<p><div><strong>Describa brevemente su trayectoria profesional.<\/strong><\/div><\/p>\n\n<p>Comenc\u00e9 mi carrera en Valencia, hace casi 25 a\u00f1os, como auditor en Arthur Andersen \u2013 Deloitte. Siete a\u00f1os despu\u00e9s, me interes\u00e9 por el sector financiero, comenzando en compa\u00f1\u00edas de seguros, dando mis primeros pasos en departamentos financieros.<\/p>\n\n<p>En 2015, pase a trabajar en puestos relacionados con inversiones, con experiencia en operaciones y actividades de control, centrado principalmente en fondos de inversi\u00f3n y fondos de pensiones.<\/p>\n\n<p>En 2019, me traslad\u00e9 a Luxemburgo como Conducting Officer en Andbank Asset Management hasta la actualidad.<\/p>\n\n<p>En este dif\u00edcil periodo, incluyendo la \u00e9poca covid, hemos alcanzado un importante incremento de m\u00e1s del 50% en el volumen de gesti\u00f3n, cerrando algunas operaciones relevantes y siendo referencia de gestoras espa\u00f1olas que quieren estar presentes en Luxemburgo.<\/p>\n\n<p><div><strong>\u00bfQu\u00e9 actividad desarrolla su empresa actualmente en Luxemburgo?<\/strong><\/div><\/p>\n\n<p>Andbank Asset Management Luxembourg se dedica a la gesti\u00f3n de activos en Luxemburgo. El Grupo Andbank decidi\u00f3 hace varios a\u00f1os utilizar Luxemburgo como centro de la actividad de gesti\u00f3n de activos, siendo el pa\u00eds la base de Andbank Funds.<\/p>\n\n<p>Tambi\u00e9n estamos prestando servicios a personas con un alto patrimonio neto, creando fondos a medida para ellos. Por \u00faltimo, prestamos servicios a gestores de carteras o asesores externos, ayud\u00e1ndoles a crear un fondo en Luxemburgo.<\/p>\n\n<p><div><strong>\u00bfQu\u00e9 valor a\u00f1adido ofrece su empresa frente sus competidores?<\/strong><\/div><\/p>\n\n<p>Nuestro principal valor a\u00f1adido es la proximidad al cliente y la capacidad de ofrecer soluciones a medida. La mayor\u00eda de los operadores luxemburgueses son extremadamente grandes y burocr\u00e1ticos. Nuestro tama\u00f1o y flexibilidad son clave para llegar a socios de tama\u00f1o medio.<\/p>\n\n<p>Hablamos con nuestros clientes en su idioma (una parte importante son espa\u00f1oles), y con una redacci\u00f3n comprensible. Esto es algo que aprecian mucho.<\/p>\n\n<p><div><strong>\u00bfQu\u00e9 servicios pueden ofrecer al resto de socios de la C\u00e1mara?<\/strong><\/div><\/p>\n\n<p>Podemos establecer v\u00ednculos comerciales con otras empresas del sector financiero: depositarios, administradores, brokers, otras gestoras\u2026<\/p>\n\n<p>Asimismo, podr\u00edamos prestar apoyo a los individuos con alto valor patrimonial ofreci\u00e9ndoles soluciones de inversi\u00f3n eficientes.<\/p>\n\n<p>Por \u00faltimo, estar\u00edamos encantados de establecer contacto con otras empresas no financieras para analizar conjuntamente algunas soluciones en el sector de la inversi\u00f3n.<\/p>\n","protected":false},"excerpt":{"rendered":"<p>Describa brevemente su trayectoria profesional. Comenc\u00e9 mi carrera en Valencia, hace casi 25 a\u00f1os, como auditor en Arthur Andersen \u2013 Deloitte. Siete a\u00f1os despu\u00e9s, me interes\u00e9 por el sector financiero, [&hellip;]<\/p>\n","protected":false},"featured_media":19130,"comment_status":"closed","ping_status":"closed","template":"","working-areas":[193],"interview":[200],"udesign_member_category":[253],"class_list":["post-12601","udesign_member","type-udesign_member","status-publish","has-post-thumbnail","hentry","working-areas-asset-management-es","interview-si","udesign_member_category-andbank-asset-management-luxembourg-es"],"acf":[],"yoast_head":"<!-- This site is optimized with the Yoast SEO plugin v27.1.1 - https:\/\/yoast.com\/product\/yoast-seo-wordpress\/ -->\n<title>Severino Pons | SFF<\/title>\n<meta name=\"robots\" content=\"index, follow, max-snippet:-1, max-image-preview:large, max-video-preview:-1\" \/>\n<link rel=\"canonical\" href=\"https:\/\/sff-camara.com\/es\/profesionales\/severino-pons\/\" \/>\n<meta property=\"og:locale\" content=\"es_ES\" \/>\n<meta property=\"og:type\" content=\"article\" \/>\n<meta property=\"og:title\" content=\"Severino Pons | SFF\" \/>\n<meta property=\"og:description\" content=\"Describa brevemente su trayectoria profesional. Comenc\u00e9 mi carrera en Valencia, hace casi 25 a\u00f1os, como auditor en Arthur Andersen \u2013 Deloitte. Siete a\u00f1os despu\u00e9s, me interes\u00e9 por el sector financiero, [&hellip;]\" \/>\n<meta property=\"og:url\" content=\"https:\/\/sff-camara.com\/es\/profesionales\/severino-pons\/\" \/>\n<meta property=\"og:site_name\" content=\"SFF\" \/>\n<meta property=\"article:modified_time\" content=\"2024-01-22T16:18:37+00:00\" \/>\n<meta property=\"og:image\" content=\"https:\/\/sff-camara.com\/wp-content\/uploads\/2024\/01\/PONS-Severino.jpg\" \/>\n\t<meta property=\"og:image:width\" content=\"400\" \/>\n\t<meta property=\"og:image:height\" content=\"276\" \/>\n\t<meta property=\"og:image:type\" content=\"image\/jpeg\" \/>\n<meta name=\"twitter:card\" content=\"summary_large_image\" \/>\n<meta name=\"twitter:label1\" content=\"Tiempo de lectura\" \/>\n\t<meta name=\"twitter:data1\" content=\"2 minutos\" \/>\n<script type=\"application\/ld+json\" class=\"yoast-schema-graph\">{\"@context\":\"https:\/\/schema.org\",\"@graph\":[{\"@type\":\"WebPage\",\"@id\":\"https:\/\/sff-camara.com\/es\/profesionales\/severino-pons\/\",\"url\":\"https:\/\/sff-camara.com\/es\/profesionales\/severino-pons\/\",\"name\":\"Severino Pons | SFF\",\"isPartOf\":{\"@id\":\"https:\/\/sff-camara.com\/#website\"},\"primaryImageOfPage\":{\"@id\":\"https:\/\/sff-camara.com\/es\/profesionales\/severino-pons\/#primaryimage\"},\"image\":{\"@id\":\"https:\/\/sff-camara.com\/es\/profesionales\/severino-pons\/#primaryimage\"},\"thumbnailUrl\":\"https:\/\/sff-camara.com\/wp-content\/uploads\/2024\/01\/PONS-Severino.jpg\",\"datePublished\":\"2024-01-19T13:33:22+00:00\",\"dateModified\":\"2024-01-22T16:18:37+00:00\",\"breadcrumb\":{\"@id\":\"https:\/\/sff-camara.com\/es\/profesionales\/severino-pons\/#breadcrumb\"},\"inLanguage\":\"es\",\"potentialAction\":[{\"@type\":\"ReadAction\",\"target\":[\"https:\/\/sff-camara.com\/es\/profesionales\/severino-pons\/\"]}]},{\"@type\":\"ImageObject\",\"inLanguage\":\"es\",\"@id\":\"https:\/\/sff-camara.com\/es\/profesionales\/severino-pons\/#primaryimage\",\"url\":\"https:\/\/sff-camara.com\/wp-content\/uploads\/2024\/01\/PONS-Severino.jpg\",\"contentUrl\":\"https:\/\/sff-camara.com\/wp-content\/uploads\/2024\/01\/PONS-Severino.jpg\",\"width\":400,\"height\":276},{\"@type\":\"BreadcrumbList\",\"@id\":\"https:\/\/sff-camara.com\/es\/profesionales\/severino-pons\/#breadcrumb\",\"itemListElement\":[{\"@type\":\"ListItem\",\"position\":1,\"name\":\"Home\",\"item\":\"https:\/\/sff-camara.com\/\"},{\"@type\":\"ListItem\",\"position\":2,\"name\":\"Professionals\",\"item\":\"https:\/\/sff-camara.com\/es\/profesionales\/\"},{\"@type\":\"ListItem\",\"position\":3,\"name\":\"Severino Pons\"}]},{\"@type\":\"WebSite\",\"@id\":\"https:\/\/sff-camara.com\/#website\",\"url\":\"https:\/\/sff-camara.com\/\",\"name\":\"SFF\",\"description\":\"Spanish Financial Forum in Luxembourg\",\"publisher\":{\"@id\":\"https:\/\/sff-camara.com\/#organization\"},\"potentialAction\":[{\"@type\":\"SearchAction\",\"target\":{\"@type\":\"EntryPoint\",\"urlTemplate\":\"https:\/\/sff-camara.com\/?s={search_term_string}\"},\"query-input\":{\"@type\":\"PropertyValueSpecification\",\"valueRequired\":true,\"valueName\":\"search_term_string\"}}],\"inLanguage\":\"es\"},{\"@type\":\"Organization\",\"@id\":\"https:\/\/sff-camara.com\/#organization\",\"name\":\"Spanish Financial Forum in Luxembourg\",\"url\":\"https:\/\/sff-camara.com\/\",\"logo\":{\"@type\":\"ImageObject\",\"inLanguage\":\"es\",\"@id\":\"https:\/\/sff-camara.com\/#\/schema\/logo\/image\/\",\"url\":\"https:\/\/sff-camara.com\/wp-content\/uploads\/2023\/02\/cropped-LOGO-1.png\",\"contentUrl\":\"https:\/\/sff-camara.com\/wp-content\/uploads\/2023\/02\/cropped-LOGO-1.png\",\"width\":586,\"height\":222,\"caption\":\"Spanish Financial Forum in Luxembourg\"},\"image\":{\"@id\":\"https:\/\/sff-camara.com\/#\/schema\/logo\/image\/\"},\"sameAs\":[\"https:\/\/www.linkedin.com\/company\/camara-oficial-de-comercio-de-espana-en-belgica-y-luxemburgo\/\"]}]}<\/script>\n<!-- \/ Yoast SEO plugin. -->","yoast_head_json":{"title":"Severino Pons | SFF","robots":{"index":"index","follow":"follow","max-snippet":"max-snippet:-1","max-image-preview":"max-image-preview:large","max-video-preview":"max-video-preview:-1"},"canonical":"https:\/\/sff-camara.com\/es\/profesionales\/severino-pons\/","og_locale":"es_ES","og_type":"article","og_title":"Severino Pons | SFF","og_description":"Describa brevemente su trayectoria profesional. Comenc\u00e9 mi carrera en Valencia, hace casi 25 a\u00f1os, como auditor en Arthur Andersen \u2013 Deloitte. Siete a\u00f1os despu\u00e9s, me interes\u00e9 por el sector financiero, [&hellip;]","og_url":"https:\/\/sff-camara.com\/es\/profesionales\/severino-pons\/","og_site_name":"SFF","article_modified_time":"2024-01-22T16:18:37+00:00","og_image":[{"width":400,"height":276,"url":"https:\/\/sff-camara.com\/wp-content\/uploads\/2024\/01\/PONS-Severino.jpg","type":"image\/jpeg"}],"twitter_card":"summary_large_image","twitter_misc":{"Tiempo de lectura":"2 minutos"},"schema":{"@context":"https:\/\/schema.org","@graph":[{"@type":"WebPage","@id":"https:\/\/sff-camara.com\/es\/profesionales\/severino-pons\/","url":"https:\/\/sff-camara.com\/es\/profesionales\/severino-pons\/","name":"Severino Pons | SFF","isPartOf":{"@id":"https:\/\/sff-camara.com\/#website"},"primaryImageOfPage":{"@id":"https:\/\/sff-camara.com\/es\/profesionales\/severino-pons\/#primaryimage"},"image":{"@id":"https:\/\/sff-camara.com\/es\/profesionales\/severino-pons\/#primaryimage"},"thumbnailUrl":"https:\/\/sff-camara.com\/wp-content\/uploads\/2024\/01\/PONS-Severino.jpg","datePublished":"2024-01-19T13:33:22+00:00","dateModified":"2024-01-22T16:18:37+00:00","breadcrumb":{"@id":"https:\/\/sff-camara.com\/es\/profesionales\/severino-pons\/#breadcrumb"},"inLanguage":"es","potentialAction":[{"@type":"ReadAction","target":["https:\/\/sff-camara.com\/es\/profesionales\/severino-pons\/"]}]},{"@type":"ImageObject","inLanguage":"es","@id":"https:\/\/sff-camara.com\/es\/profesionales\/severino-pons\/#primaryimage","url":"https:\/\/sff-camara.com\/wp-content\/uploads\/2024\/01\/PONS-Severino.jpg","contentUrl":"https:\/\/sff-camara.com\/wp-content\/uploads\/2024\/01\/PONS-Severino.jpg","width":400,"height":276},{"@type":"BreadcrumbList","@id":"https:\/\/sff-camara.com\/es\/profesionales\/severino-pons\/#breadcrumb","itemListElement":[{"@type":"ListItem","position":1,"name":"Home","item":"https:\/\/sff-camara.com\/"},{"@type":"ListItem","position":2,"name":"Professionals","item":"https:\/\/sff-camara.com\/es\/profesionales\/"},{"@type":"ListItem","position":3,"name":"Severino Pons"}]},{"@type":"WebSite","@id":"https:\/\/sff-camara.com\/#website","url":"https:\/\/sff-camara.com\/","name":"SFF","description":"Spanish Financial Forum in Luxembourg","publisher":{"@id":"https:\/\/sff-camara.com\/#organization"},"potentialAction":[{"@type":"SearchAction","target":{"@type":"EntryPoint","urlTemplate":"https:\/\/sff-camara.com\/?s={search_term_string}"},"query-input":{"@type":"PropertyValueSpecification","valueRequired":true,"valueName":"search_term_string"}}],"inLanguage":"es"},{"@type":"Organization","@id":"https:\/\/sff-camara.com\/#organization","name":"Spanish Financial Forum in Luxembourg","url":"https:\/\/sff-camara.com\/","logo":{"@type":"ImageObject","inLanguage":"es","@id":"https:\/\/sff-camara.com\/#\/schema\/logo\/image\/","url":"https:\/\/sff-camara.com\/wp-content\/uploads\/2023\/02\/cropped-LOGO-1.png","contentUrl":"https:\/\/sff-camara.com\/wp-content\/uploads\/2023\/02\/cropped-LOGO-1.png","width":586,"height":222,"caption":"Spanish Financial Forum in Luxembourg"},"image":{"@id":"https:\/\/sff-camara.com\/#\/schema\/logo\/image\/"},"sameAs":["https:\/\/www.linkedin.com\/company\/camara-oficial-de-comercio-de-espana-en-belgica-y-luxemburgo\/"]}]}},"_links":{"self":[{"href":"https:\/\/sff-camara.com\/es\/wp-json\/wp\/v2\/udesign_member\/12601","targetHints":{"allow":["GET"]}}],"collection":[{"href":"https:\/\/sff-camara.com\/es\/wp-json\/wp\/v2\/udesign_member"}],"about":[{"href":"https:\/\/sff-camara.com\/es\/wp-json\/wp\/v2\/types\/udesign_member"}],"replies":[{"embeddable":true,"href":"https:\/\/sff-camara.com\/es\/wp-json\/wp\/v2\/comments?post=12601"}],"version-history":[{"count":1,"href":"https:\/\/sff-camara.com\/es\/wp-json\/wp\/v2\/udesign_member\/12601\/revisions"}],"predecessor-version":[{"id":12602,"href":"https:\/\/sff-camara.com\/es\/wp-json\/wp\/v2\/udesign_member\/12601\/revisions\/12602"}],"wp:featuredmedia":[{"embeddable":true,"href":"https:\/\/sff-camara.com\/es\/wp-json\/wp\/v2\/media\/19130"}],"wp:attachment":[{"href":"https:\/\/sff-camara.com\/es\/wp-json\/wp\/v2\/media?parent=12601"}],"wp:term":[{"taxonomy":"working-areas","embeddable":true,"href":"https:\/\/sff-camara.com\/es\/wp-json\/wp\/v2\/working-areas?post=12601"},{"taxonomy":"interview","embeddable":true,"href":"https:\/\/sff-camara.com\/es\/wp-json\/wp\/v2\/interview?post=12601"},{"taxonomy":"udesign_member_category","embeddable":true,"href":"https:\/\/sff-camara.com\/es\/wp-json\/wp\/v2\/udesign_member_category?post=12601"}],"curies":[{"name":"wp","href":"https:\/\/api.w.org\/{rel}","templated":true}]}}

<p><div><strong>Describa brevemente su trayectoria profesional.</strong></div></p>

<p>Comencé mi carrera en Valencia, hace casi 25 años, como auditor en Arthur Andersen – Deloitte. Siete años después, me interesé por el sector financiero, comenzando en compañías de seguros, dando mis primeros pasos en departamentos financieros.</p>

<p>En 2015, pase a trabajar en puestos relacionados con inversiones, con experiencia en operaciones y actividades de control, centrado principalmente en fondos de inversión y fondos de pensiones.</p>

<p>En 2019, me trasladé a Luxemburgo como Conducting Officer en Andbank Asset Management hasta la actualidad.</p>

<p>En este difícil periodo, incluyendo la época covid, hemos alcanzado un importante incremento de más del 50% en el volumen de gestión, cerrando algunas operaciones relevantes y siendo referencia de gestoras españolas que quieren estar presentes en Luxemburgo.</p>

<p><div><strong>¿Qué actividad desarrolla su empresa actualmente en Luxemburgo?</strong></div></p>

<p>Andbank Asset Management Luxembourg se dedica a la gestión de activos en Luxemburgo. El Grupo Andbank decidió hace varios años utilizar Luxemburgo como centro de la actividad de gestión de activos, siendo el país la base de Andbank Funds.</p>

<p>También estamos prestando servicios a personas con un alto patrimonio neto, creando fondos a medida para ellos. Por último, prestamos servicios a gestores de carteras o asesores externos, ayudándoles a crear un fondo en Luxemburgo.</p>

<p><div><strong>¿Qué valor añadido ofrece su empresa frente sus competidores?</strong></div></p>

<p>Nuestro principal valor añadido es la proximidad al cliente y la capacidad de ofrecer soluciones a medida. La mayoría de los operadores luxemburgueses son extremadamente grandes y burocráticos. Nuestro tamaño y flexibilidad son clave para llegar a socios de tamaño medio.</p>

<p>Hablamos con nuestros clientes en su idioma (una parte importante son españoles), y con una redacción comprensible. Esto es algo que aprecian mucho.</p>

<p><div><strong>¿Qué servicios pueden ofrecer al resto de socios de la Cámara?</strong></div></p>

<p>Podemos establecer vínculos comerciales con otras empresas del sector financiero: depositarios, administradores, brokers, otras gestoras…</p>

<p>Asimismo, podríamos prestar apoyo a los individuos con alto valor patrimonial ofreciéndoles soluciones de inversión eficientes.</p>

<p>Por último, estaríamos encantados de establecer contacto con otras empresas no financieras para analizar conjuntamente algunas soluciones en el sector de la inversión.</p>

<p>Describa brevemente su trayectoria profesional. Comencé mi carrera en Valencia, hace casi 25 años, como auditor en Arthur Andersen – Deloitte. Siete años después, me interesé por el sector financiero, [&hellip;]</p>

<!-- This site is optimized with the Yoast SEO plugin v27.1.1 - https://yoast.com/product/yoast-seo-wordpress/ -->
<title>Severino Pons | SFF</title>
<meta name="robots" content="index, follow, max-snippet:-1, max-image-preview:large, max-video-preview:-1" />
<link rel="canonical" href="https://sff-camara.com/es/profesionales/severino-pons/" />
<meta property="og:locale" content="es_ES" />
<meta property="og:type" content="article" />
<meta property="og:title" content="Severino Pons | SFF" />
<meta property="og:description" content="Describa brevemente su trayectoria profesional. Comencé mi carrera en Valencia, hace casi 25 años, como auditor en Arthur Andersen – Deloitte. Siete años después, me interesé por el sector financiero, [&hellip;]" />
<meta property="og:url" content="https://sff-camara.com/es/profesionales/severino-pons/" />
<meta property="og:site_name" content="SFF" />
<meta property="article:modified_time" content="2024-01-22T16:18:37+00:00" />
<meta property="og:image" content="https://sff-camara.com/wp-content/uploads/2024/01/PONS-Severino.jpg" />
	<meta property="og:image:width" content="400" />
	<meta property="og:image:height" content="276" />
	<meta property="og:image:type" content="image/jpeg" />
<meta name="twitter:card" content="summary_large_image" />
<meta name="twitter:label1" content="Tiempo de lectura" />
	<meta name="twitter:data1" content="2 minutos" />
<script type="application/ld+json" class="yoast-schema-graph">{"@context":"https://schema.org","@graph":[{"@type":"WebPage","@id":"https://sff-camara.com/es/profesionales/severino-pons/","url":"https://sff-camara.com/es/profesionales/severino-pons/","name":"Severino Pons | SFF","isPartOf":{"@id":"https://sff-camara.com/#website"},"primaryImageOfPage":{"@id":"https://sff-camara.com/es/profesionales/severino-pons/#primaryimage"},"image":{"@id":"https://sff-camara.com/es/profesionales/severino-pons/#primaryimage"},"thumbnailUrl":"https://sff-camara.com/wp-content/uploads/2024/01/PONS-Severino.jpg","datePublished":"2024-01-19T13:33:22+00:00","dateModified":"2024-01-22T16:18:37+00:00","breadcrumb":{"@id":"https://sff-camara.com/es/profesionales/severino-pons/#breadcrumb"},"inLanguage":"es","potentialAction":[{"@type":"ReadAction","target":["https://sff-camara.com/es/profesionales/severino-pons/"]}]},{"@type":"ImageObject","inLanguage":"es","@id":"https://sff-camara.com/es/profesionales/severino-pons/#primaryimage","url":"https://sff-camara.com/wp-content/uploads/2024/01/PONS-Severino.jpg","contentUrl":"https://sff-camara.com/wp-content/uploads/2024/01/PONS-Severino.jpg","width":400,"height":276},{"@type":"BreadcrumbList","@id":"https://sff-camara.com/es/profesionales/severino-pons/#breadcrumb","itemListElement":[{"@type":"ListItem","position":1,"name":"Home","item":"https://sff-camara.com/"},{"@type":"ListItem","position":2,"name":"Professionals","item":"https://sff-camara.com/es/profesionales/"},{"@type":"ListItem","position":3,"name":"Severino Pons"}]},{"@type":"WebSite","@id":"https://sff-camara.com/#website","url":"https://sff-camara.com/","name":"SFF","description":"Spanish Financial Forum in Luxembourg","publisher":{"@id":"https://sff-camara.com/#organization"},"potentialAction":[{"@type":"SearchAction","target":{"@type":"EntryPoint","urlTemplate":"https://sff-camara.com/?s={search_term_string}"},"query-input":{"@type":"PropertyValueSpecification","valueRequired":true,"valueName":"search_term_string"}}],"inLanguage":"es"},{"@type":"Organization","@id":"https://sff-camara.com/#organization","name":"Spanish Financial Forum in Luxembourg","url":"https://sff-camara.com/","logo":{"@type":"ImageObject","inLanguage":"es","@id":"https://sff-camara.com/#/schema/logo/image/","url":"https://sff-camara.com/wp-content/uploads/2023/02/cropped-LOGO-1.png","contentUrl":"https://sff-camara.com/wp-content/uploads/2023/02/cropped-LOGO-1.png","width":586,"height":222,"caption":"Spanish Financial Forum in Luxembourg"},"image":{"@id":"https://sff-camara.com/#/schema/logo/image/"},"sameAs":["https://www.linkedin.com/company/camara-oficial-de-comercio-de-espana-en-belgica-y-luxemburgo/"]}]}</script>
<!-- / Yoast SEO plugin. -->

Describa brevemente su trayectoria profesional. Comencé mi carrera en Valencia, hace casi 25 años, como auditor en Arthur Andersen – Deloitte. Siete años después, me interesé por el sector financiero, [&hellip;]
